5*(c - (-145)/(-2)) is divided by 12?
5
What is the remainder when 1196 is divided by (-54)/(-117) + 416826/351?
8
Suppose -315 = -b + v - 28, 4*b + v - 1108 = 0. Calculate the remainder when b is divided by 248.
31
Let q = -87281 - -87341. Let l(m) = m**3 + 2*m**2 + m - 1. What is the remainder when q is divided by l(2)?
9
Suppose -5*s - 1 = 4*n - 0*n, -3*n = -s - 23. What is the remainder when n/(-15) - (-1335)/25 is divided by (28/(-3))/(1/(-3))?
25
Let h(b) = -b**3 - 132*b**2 + 215*b - 270. What is the remainder when h(-134) is divided by 72?
64
Let m(k) = k**2 - 5*k + 5. Let o be (-12)/(-4) + 139 + 10. Suppose 3*j - 2*j - y = 56, o = 3*j + 5*y. Calculate the remainder when j is divided by m(6).
10
What is the remainder when 14635 is divided by 125 + (26/(-8) - ((-28)/(-16) - 3))?
121
Let b(x) = -2*x**3 + 62*x**2 + 2*x - 37. Calculate the remainder when 183 is divided by b(31).
8
Let m = 26 - -39. Suppose 60*x = m*x + 435. Let q = 96 + x. Calculate the remainder when 30 is divided by q.
3
Let j(i) = i**3 - i**2 + i + 1. Let l(r) = -r**3 + 12*r**2 - 19*r + 51. Let o(w) = -2*j(w) - l(w). What is the remainder when 48 is divided by o(-12)?
17
Let b(x) = -x**2 + 15*x - 14. Let r be b(11). Suppose 4*f + 5*m - m = -4, 0 = m + 5. Suppose 178 + r = f*g. Calculate the remainder when g is divided by 27.
25
Let n = -1321 - -1464. What is the remainder when n is divided by 131?
12
Let f = -3266 - -4163. Calculate the remainder when f is divided by 115.
92
Suppose -x - 4*x = -4*l + 138, -l - x + 30 = 0. Let b = -306 - -310. Suppose -36 = b*k - 8*k. Calculate the remainder when l is divided by k.
5
Let p = -7 - 11. Let r = 21 + p. Suppose 2*n = 4*u - r*n - 93, 4*u - n = 73. What is the remainder when 66 is divided by u?
15
Let h be 6/(-4)*(-1 - 109/3). Suppose -h*w - 125 = -57*w. What is the remainder when w is divided by 7?
6
Calculate the remainder when 2123 is divided by (-10)/4*(-312)/390 + 39.
32
Suppose -27*w + 30 = -24*w. Suppose 3*p - 60 = -4*c, 5*p + w*c - 123 = 11*c. What is the remainder when 47 is divided by p?
23
Suppose -3*s = 5*g - 7060, -g + 178 + 1262 = -5*s. What is the remainder when g is divided by 79?
72
Let g(w) = 348*w - 1707. Calculate the remainder when 5114 is divided by g(5).
32
Let o be (10/4)/(5/30). Suppose -12*b - 86 = -o*b - y, -5*y + 122 = 4*b. Calculate the remainder when 135 is divided by b.
23
Let j(q) = -q**3 + 33*q**2 - 64*q + 5. Calculate the remainder when j(8) is divided by 20.
13
Let c(i) = 3*i**2 - 55*i + 14. Let n be c(20). Suppose n*z + 11 = 115*z. What is the remainder when 72 is divided by z?
6
Let k be (-4 + (-11)/(-3))*-18. Suppose 39 = 7*w + k*w. Calculate the remainder when 12 is divided by w.
0
Suppose -72*p = -61*p + 5*v - 634, 192 = 3*p - 5*v. What is the remainder when 653 is divided by p?
4
Suppose 35*g = -806 + 946. Calculate the remainder when 601 is divided by g.
1
What is the remainder when 800 is divided by 1029/93 - (-114)/(-1767)?
8
Suppose -105*y + 94*y = -66. What is the remainder when 24 - (1 - (-4 + -3 - -3)) is divided by y?
1
Suppose 24*w = -861 + 2589. Calculate the remainder when 573 is divided by w.
69
Let a(l) = -7*l - 37. Let d be a(-6). Suppose 514 = 5*r + 3*n - 182, 0 = d*r + 4*n - 693. Calculate the remainder when r is divided by 6.
3
Let q(m) = m**2 - 6. Let c(p) = p - 9. Suppose 21 = y + 5*v, 4*v - 6 = -y + 12. Let o be c(y). What is the remainder when 19 is divided by q(o)?
1
Suppose 3*w - 2*x + 5*x = 657, 2*x + 870 = 4*w. Suppose 139 = 2*f - s, -5*f - 3*s + w = -135. Calculate the remainder when f is divided by 36.
34
Let w(f) = -f + 1. Let o be w(-6). Suppose -426 = 4*q - o*q. Let u(y) = -y + 13. Calculate the remainder when q is divided by u(-3).
14
Suppose -4*j - 61 - 47 = 0. Calculate the remainder when 16 is divided by 6/(-9)*j/6.
1
Let n(y) = -63*y - 5731. What is the remainder when n(-100) is divided by 225?
119
Let i be 9/(-6) + (-1722)/28. Let a = -49 + -35. Let l = i - a. Calculate the remainder when l is divided by 12.
9
Suppose -2*a = 5*p - 684, 3*p + 696 = 8*p - 2*a. Suppose -p*d + 130*d = -1128. Calculate the remainder when d is divided by 3/(14/(-8) + 2).
9
Let r be (44/14)/(((-30)/35)/(-6)). Suppose -r*n + 36 = -21*n. Suppose -p - p - 19 = -d, 0 = -2*d + 2*p + n. What is the remainder when 133 is divided by d?
14
Suppose -15 = 2*t - 5, -2*u = 2*t - 16. Calculate the remainder when (-50)/(-2)*(2 + -1) is divided by u.
12
Suppose -53 = -2*k - 31. Let v be 12/(k/2 - 4). Suppose -v*x + 55 = -633. Calculate the remainder when x is divided by 11.
9
Suppose -23*v = 2*v. What is the remainder when (-4 + v)*(-486)/12 is divided by 42?
36
Calculate the remainder when (5 + 51/(-12))/((-1)/(-104)) is divided by (-7)/2*(-4 - -2 - 4).
15
Calculate the remainder when ((-2)/10 - (-1)/5) + (-390)/(-2) is divided by 40.
35
Suppose 4*z = -3*k - 609, -124 = 2*z + 4*k + 178. Calculate the remainder when (-866)/(-6) - (-204)/z is divided by 37.
32
Let j(w) = -873*w - 1598. What is the remainder when 307 is divided by j(-2)?
11
Let b = -14 + 19. Let s be 14/(-28) + b/2. Calculate the remainder when 946/11 + (s - -3) is divided by 23.
22
Let t = 98 + -94. Suppose -5*v = -4*v - t. Suppose -z - 2*o = -o - 15, 0 = -v*z + 3*o + 25. What is the remainder when 28 is divided by z?
8
Let i = -13811 + 13823. Calculate the remainder when 9563 is divided by i.
11
Suppose -36*h + 1440 = -5*h + h. What is the remainder when 117 is divided by h?
27
Suppose -a = f - 36, -a = -45 + 50. Calculate the remainder when 185 is divided by f.
21
Let s(b) = -74*b + 531. Suppose 16 = o - 2. What is the remainder when s(6) is divided by o?
15
Let g(p) = 68*p**2 + 14*p + 31. What is the remainder when 835 is divided by g(-2)?
10
Let k = -291 - -296. Let i(m) = 21*m - 103. What is the remainder when 7 is divided by i(k)?
1
Calculate the remainder when -2 - -3 - (-2 - 1) is divided by (-2)/10 - (10 + (-1708)/140).
0
Let u(f) = 4*f + 23. Let g(d) = -2*d - 12. Let y(r) = -9*g(r) - 4*u(r). What is the remainder when 21/(-4)*(-6)/9*34 is divided by y(7)?
29
What is the remainder when 508 is divided by 5125/164 - (-6)/8?
28
Suppose -137 + 48 = -2*f + 3*k, -4*f = -4*k - 176. Let m = f + -30. What is the remainder when m is divided by 1?
0
Let i = 615 - 439. Calculate the remainder when i is divided by (-3 - -1 - 0) + 15 + 3 + -1.
11
Suppose 40344 = 204*o - 31872. Calculate the remainder when 1203 is divided by o.
141
Suppose 4575 = 19*c + 6*c. Suppose 242 + c = 25*u. What is the remainder when 24 is divided by u?
7
Suppose 105 = 5*s - 4*h - 310, s = -3*h + 102. Let n be 1*4/8*1*10. Suppose 3*a = -n*a + 176. What is the remainder when s is divided by a?
21
Let z = -5030 + 11851. Suppose 0 = -37*k + 18*k + z. What is the remainder when k is divided by 40?
39
Calculate the remainder when 890454/1254 - (30/(-33) - -1) is divided by 680.
30
Let j = 37 - 35. Let p(q) = -j*q + 2*q + 0*q - 4 + 6*q. What is the remainder when 39 is divided by p(2)?
7
Let m be 7*-12*(9 - 8). Suppose 0 = 2*o - p - 184, 2*o + 55 = 3*p + 243. Let k = o + m. Calculate the remainder when 32 is divided by k.
4
What is the remainder when 134 is divided by 50*(0 - (2 - 4))*(-520)/(-416)?
9
Suppose -18*v + 5*l = -57742, 10*l = 2*v + 13*l - 6430. What is the remainder when v is divided by 15?
14
Suppose -p + 4*c + 136 = 0, 3*p - p = -5*c + 363. What is the remainder when 1650 is divided by p?
10
Calculate the remainder when -4 + (-3676)/(-8) + (-11)/22 is divided by 222.
11
Let x(h) = h**2 - 5*h + 7. Calculate the remainder when (8/26)/1 - (-150)/(-195)*-387 is divided by x(5).
4
Let o(k) = -107*k**3 - 5*k**2 - 9*k - 5. Calculate the remainder when 1375 is divided by o(-1).
103
Let d = -366 + 406. Suppose -d = n - 75. Calculate the remainder when 77 is divided by n.
7
Calculate the remainder when (30/(-4)*(-2)/3)/((-136)/(-10064)) is divided by 114.
28
Let c(a) = 3*a**2 + 198*a + 17. Let z = -16 - -25. What is the remainder when c(-66) is divided by z?
8
Let w(v) = v**2 - 187*v - 12268. What is the remainder when w(-67) is divided by 4?
2
Let n = 74 + -72. Suppose -4*f - 14 = 2, n*r - 854 = f. Calculate the remainder when r is divided by 61.
59
Suppose -370 = -21*v + 20*v + 2*n, 2*n + 1118 = 3*v. Let m = -220 + v. What is the remainder when m is di